ide 2773116?
False
Is 370 a factor of 2303250?
True
Does 110 divide 43662?
False
Does 155 divide 130665?
True
Is 6 a factor of 12866892?
True
Is 76 a factor of 190684?
True
Does 9 divide 1755586?
False
Is 23 a factor of 15871387?
False
Is 11037360 a multiple of 24?
True
Does 260 divide 2852380?
False
Does 81 divide 782643?
False
Does 16 divide 78816?
True
Does 675 divide 1004400?
True
Is 418644 a multiple of 713?
False
Does 40 divide 2802857?
False
Does 119 divide 968660?
True
Is 2896560 a multiple of 24?
True
Is 859952 a multiple of 4?
True
Is 549239 a multiple of 19?
False
Is 27 a factor of 13897682?
False
Does 133 divide 14779758?
True
Is 9 a factor of 54473?
False
Does 273 divide 117936?
True
Does 172 divide 161391?
False
Is 1378752 a multiple of 64?
True
Is 8104959 a multiple of 10?
False
Does 3 divide 817908?
True
Does 10 divide 614482?
False
Is 133311 a multiple of 23?
False
Does 253 divide 296010?
True
Is 326536 a multiple of 98?
True
Is 119208 a multiple of 183?
False
Is 6 a factor of 156840?
True
Is 35 a factor of 544031?
False
Is 15 a factor of 35625?
True
Is 345 a factor of 852552?
False
Is 2206 a factor of 16198899?
False
Is 497 a factor of 1825795?
False
Does 49 divide 410081?
True
Is 912208 a multiple of 292?
True
Is 17 a factor of 73695?
True
Does 9 divide 2631595?
False
Is 8 a factor of 6798752?
True
Is 864755 a multiple of 97?
True
Is 126 a factor of 210672?
True
Does 80 divide 367760?
True
Does 63 divide 3262833?
True
Does 124 divide 6430888?
True
Is 8 a factor of 933720?
True
Is 10748 a multiple of 12?
False
Is 32 a factor of 1187850?
False
Does 38 divide 109374?
False
Does 8 divide 22032?
True
Is 198 a factor of 265377?
False
Does 204 divide 21664?
False
Does 7 divide 837137?
True
Is 26 a factor of 718043?
False
Does 252 divide 1377180?
True
Is 3428299 a multiple of 7?
True
Is 249339 a multiple of 104?
False
Is 136 a factor of 1790163?
False
Does 112 divide 79872?
False
Does 53 divide 36358?
True
Is 1328080 a multiple of 16?
True
Is 1092540 a multiple of 393?
True
Is 477504 a multiple of 192?
True
Does 54 divide 3457271?
False
Is 1416204 a multiple of 4?
True
Is 5881577 a multiple of 331?
False
Is 57 a factor of 2353929?
True
Is 1477333 a multiple of 13?
True
Is 499473 a multiple of 346?
False
Is 39 a factor of 22146423?
True
Is 619380 a multiple of 34?
False
Is 3132888 a multiple of 33?
True
Is 183000 a multiple of 125?
True
Does 365 divide 5840?
True
Is 26 a factor of 304200?
True
Is 189 a factor of 395669?
False
Is 38 a factor of 336528?
True
Is 220740 a multiple of 30?
True
Is 3 a factor of 5828437?
False
Does 36 divide 33444?
True
Is 202 a factor of 63812?
False
Does 54 divide 386964?
True
Is 3593440 a multiple of 185?
True
Is 1414 a multiple of 355?
False
Is 52540 a multiple of 74?
True
Is 118 a factor of 165790?
True
Is 5 a factor of 619826?
False
Is 401880 a multiple of 41?
False
Is 1228241 a multiple of 7?
True
Is 1302321 a multiple of 27?
False
Does 8 divide 2779913?
False
Is 384 a factor of 377472?
True
Is 56 a factor of 40252?
False
Is 423 a factor of 573588?
True
Does 390 divide 517530?
True
Is 1694128 a multiple of 44?
False
Is 1274175 a multiple of 297?
False
Is 299473 a multiple of 193?
False
Is 335490 a multiple of 3?
True
Is 242916 a multiple of 93?
True
Is 205 a factor of 6161903?
False
Is 31 a factor of 199392?
True
Does 201 divide 3088124?
False
Is 655756 a multiple of 197?
False
Is 9 a factor of 3890303?
False
Does 172 divide 1325604?
True
Is 774 a factor of 2089800?
True
Is 11188718 a multiple of 365?
False
Does 1320 divide 10872840?
True
Does 5 divide 109045?
True
Does 29 divide 61293?
False
Is 1124233 a multiple of 10?
False
Does 9 divide 369281?
False
Is 39 a factor of 638820?
True
Does 68 divide 414749?
False
Is 215267 a multiple of 13?
True
Does 10 divide 173508?
False
Is 9913552 a multiple of 1032?
False
Is 20 a factor of 1298080?
True
Is 1419570 a multiple of 297?
False
Is 32 a factor of 4230663?
False
Does 3 divide 4101637?
False
Does 62 divide 981668?
False
Is 22100 a multiple of 25?
True
Does 63 divide 1560069?
True
Is 89 a factor of 136615?
True
Is 1738819 a multiple of 13?
False
Is 109 a factor of 307816?
True
Is 222 a factor of 643330?
False
Is 11 a factor of 51157?
False
Is 72373 a multiple of 343?
True
Is 131 a factor of 169514?
True
Does 74 divide 383881?
False
Does 10 divide 514430?
True
Does 242 divide 2352482?
True
Is 94 a factor of 376000?
True
Is 367459 a multiple of 5?
False
Does 8 divide 23664?
True
Does 6 divide 1590?
True
Is 77 a factor of 194190?
False
Does 1306 divide 9358654?
False
Is 43 a factor of 343570?
True
Does 19 divide 675203?
True
Is 343876 a multiple of 52?
True
Is 9 a factor of 6946425?
True
Does 60 divide 696453?
False
Does 103 divide 385292?
False
Does 9 divide 523104?
False
Is 15334910 a multiple of 94?
False
Does 28 divide 410144?
True
Is 7 a factor of 8229701?
False
Is 17 a factor of 1231514?
True
Is 158 a factor of 193550?
True
Is 8 a factor of 1281920?
True
Does 507 divide 19908245?
False
Is 270 a factor of 558213?
False
Does 2486 divide 28022080?
False
Is 99 a factor of 849153?
False
Is 342846 a multiple of 18?
True
Is 51 a factor of 402939?
False
Is 258787 a multiple of 5?
False
Does 47 divide 166075?
False
Is 3 a factor of 594119?
False
Is 30275750 a multiple of 41?
False
Is 409812 a multiple of 426?
True
Is 24 a factor of 4562211?
False
Is 66 a factor of 299706?
True
Is 178583 a multiple of 77?
False
Is 300662 a multiple of 11?
False
Is 26 a factor of 108524?
True
Is 104031 a multiple of 3?
True
Is 22 a factor of 42761?
False
Is 198 a factor of 114642?
True
Does 273 divide 9246100?
False
Does 11 divide 610390?
True
Does 14 divide 27510?
True
Does 15 divide 29730?
True
Is 189 a factor of 3298239?
True
Is 817205 a multiple of 167?
False
Is 135 a factor of 12761685?
True
Is 26 a factor of 18365608?
False
Is 198 a factor of 2093058?
True
Does 194 divide 1685448?
False
Is 14 a factor of 471030?
True
Is 307990 a multiple of 10?
True
Is 62 a factor of 3397352?
True
Is 112 a factor of 2913308?
False
Does 8 divide 2133736?
True
Is 18764 a multiple of 10?
False
Is 2786656 a multiple of 39?
False
Is 214786 a multiple of 14?
False
Does 82 divide 1336355?
False
Is 204 a factor of 513879?
False
Is 1701116 a multiple of 49?
False
Is 24 a factor of 283488?
True
Is 11 a factor of 28684?
False
Is 174957 a multiple of 50?
False
Does 33 divide 1407146?
False
Is 2529859 a multiple of 15?
False
Is 113085 a multiple of 31?
False
Does 172 divide 74132?
True
Does 81 divide 61334?
False
Is 38 a factor of 225074?
True
Is 214 a factor of 150832?
False
Is 20 a factor of 5044440?
True
Is 3 a factor of 151780?
False
Is 260601 a multiple of 159?
True
Is 4079041 a multiple of 357?
False
Is 4932320 a multiple of 1160?
True
Is 19 a factor of 882550?
True
Is 267581 a multiple of 14?
False
Is 74 a factor of 138369?
False
Is 156700 a multiple of 17?
False
Is 431890 a multiple of 10?
True
Does 4 divide 309324?
True
Is 18 a factor of 150880?
False
Does 2 divide 200002?
True
Is 12 a factor of 298044?
True
Is 72 a factor of 2451570?
False
Is 14 a factor of 64330?
True
Is 18 a factor of 588369?
False
Is 144 a factor of 2281079?
False
Does 37 divide 1556960?
True
Does 192 divide 48768?
True
Does 9 divide 324?
True
Is 33 a factor of 302841?
True
Does 234 divide 237744?
True
Is 5276010 a multiple of 15?
True
Is 276962 a multiple of 9?
False
Is 327 a factor of 11099896?
False
Does 252 divide 4423?
False
Is 7 a factor of 7171?
False
Is 450 a factor of 3196324?
False
Is 77 a factor of 699592?
False
Does 486 divide 1868184?
True
Is 12 a factor of 879662?
False
Is 25 a factor of 142950?
True
Does 152 divide 20211695?
False
Is 952 a factor of 963715?
False
Is 824326 a multiple of 698?
False
Does 15 divide 21946?
False
Is 90 a factor of 204390?
True
Does 35 divide 30170?
True
Is 37 a factor of 1411505?
False
Is 187 a factor of 1424419?
False
Is 90 a factor of 3251608?
False
Does 797 divide 8126426?
False
Does 34 divide 175496?
False
Is 835197 a multiple of 15?
False
Does 8 divide 56044?
False
Is 124 a factor of 230020?
True
Is 255966 a multiple of 2?
True
Does 92 divide 1979034?
False
Is 5 a factor of 45008?
False
Does 82 divide 1465002?
False
Does 392 divide 1347304?
True
Is 100688 a multiple of 1